 highest common factor of k and 16?
16
Suppose 23*s + 252 = 30*s. What is the greatest common factor of 324 and s?
36
Suppose -f - 4 = -2*f. Suppose -f*q + 25 = 9. Suppose 3*m = 6*m - 5*g - 81, q*g = -12. What is the greatest common divisor of m and 44?
22
Let y(f) = f**2 + 24*f + 11. Let c be y(-35). What is the greatest common divisor of 24 and c?
12
Let s = -74 - -86. Calculate the greatest common factor of s and 204.
12
Suppose 8*c + 117 = -c. Let t(s) = -5*s - 31. Let h be t(c). Calculate the highest common divisor of h and 51.
17
Let t(u) = u**3 - 7*u + 5. Let h be t(3). Suppose -1 = 2*o - 3*b + 3, -5*b + h = o. Calculate the greatest common factor of 1 and o.
1
Suppose 12*r + 114 = 870. Calculate the greatest common factor of 70 and r.
7
Let o(t) be the second derivative of t**4/4 + 4*t**3/3 + 13*t**2 + 44*t. Let u be o(6). What is the greatest common factor of u and 14?
14
Suppose 36 + 6 = 6*s. What is the highest common divisor of 3 and s?
1
Let z(x) = -x**2 - x + 9. Let s be z(0). Let o = 14 + -14. Suppose o = -4*n + 48 + 204. What is the greatest common factor of n and s?
9
Let l(c) = c**2 - 16*c + 114. Let o be l(12). What is the highest common divisor of o and 2046?
66
Suppose -4*l - 25 = -9*l, c - 2*l = 738. What is the highest common divisor of 68 and c?
68
Let a be (-21)/(-6)*(6/3 + 0). Suppose -7*y = -a - 7. What is the greatest common factor of 8 and y?
2
Let o be 242/8 + (-2)/8. Let x = -43 + 27. Let b(u) = u**2 + 14*u - 12. Let w be b(x). What is the highest common divisor of w and o?
10
Suppose 424 = 7*d - 17. Suppose 2*m - d = m. What is the highest common divisor of m and 9?
9
Let y = -10 + 62. Let p = -37 + y. Calculate the greatest common divisor of p and 120.
15
Let o = 88 + -30. Suppose -2*f - 5*r - 265 = -4*f, 4*f + r = 585. Calculate the greatest common factor of o and f.
29
Let j be (6/(-9))/(4/(-138)). Suppose 2*s - 16 = -3*d, -5*s = -0*d - d - j. Let k = -54 + 55. What is the highest common divisor of k and d?
1
Let d(l) = -l - 2. Let w be d(-13). Suppose -81 + w = -5*b + 5*f, 12 = b - 2*f. Calculate the highest common factor of b and 24.
8
Let d = 196 + -91. Calculate the highest common divisor of 28 and d.
7
Suppose 2*z = -2*r + 30, 5*z - 5*r = 12 + 23. Let n be (-4)/(-10) + z/(165/294). Calculate the greatest common factor of n and 30.
10
Let z(h) = h**2 + h - 2. Let r be (15/(-1))/((-9)/(-6)). Let o be z(r). Let d = 138 - o. What is the greatest common factor of d and 10?
10
Let o(b) = b**2 + 8. Let y be o(0). Let k be (48/14)/((-441)/(-5145)). What is the greatest common factor of y and k?
8
Suppose 61*l = 9024 + 1468. What is the highest common divisor of 946 and l?
86
Suppose -24 = -6*n + 24. Let a be ((-210)/(-25))/(n/60). Calculate the highest common divisor of a and 9.
9
Let t = 61 - 58. Let b be 4/(24/t)*-23*-2. What is the highest common factor of b and 92?
23
Let v = 52 + -60. Let u be (-9 + v/(-2))*-4. Calculate the highest common divisor of u and 20.
20
Suppose -5*w + 6 = p + 3, -4*w + p - 3 = 0. Let j(z) = z**2 - 2*z + 8. Let t be j(w). What is the highest common factor of 40 and t?
8
Let h be (48/20)/(34/935). What is the highest common factor of 33 and h?
33
Suppose -2 = -2*s + c - 5, -s - 19 = 3*c. Let a be (s/6)/((-6)/9*1). What is the greatest common divisor of a and 8?
1
Let v(y) = -y**3 - 17*y**2 + 86*y - 48. Let z be v(-22). What is the greatest common divisor of z and 60?
60
Suppose 15*k = 562 + 488. What is the highest common factor of k and 10?
10
Let g = -588 + 618. What is the highest common divisor of g and 435?
15
Suppose 306 = 11*r - 3324. What is the greatest common factor of r and 30?
30
Let j be (6/(-9))/((-6712)/2232 + 3). Calculate the greatest common divisor of j and 403.
31
Suppose -31*y - 5*w = -30*y - 12, -5*w - 24 = -2*y. Let a(n) = -n**3 + 5*n**2 - 3*n + 4. Let c be a(4). Calculate the greatest common divisor of c and y.
4
Let c be -9*((-63)/27)/7. Let s be (-1)/3 + (-20)/(-6). Suppose s*a + 3*k - 457 - 95 = 0, 2*a + c*k - 368 = 0. What is the highest common divisor of a and 23?
23
Let o(x) = -x**2 - 8*x + 7. Let t be o(-8). Suppose -3*w + 35 = -4*s, 2*s = t*w - 3*w - 50. Calculate the highest common divisor of w and 78.
13
Suppose 4*p + 6 = 3*p. Let i(j) = j**3 + 7*j**2 + 4*j + 17. Let n be i(p). Calculate the highest common factor of n and 87.
29
Let w = 346 + -326. What is the highest common divisor of 40 and w?
20
Suppose -14*v - 193 = -1243. Calculate the greatest common divisor of v and 3.
3
Let h be ((-5)/3)/((-2 - -5)/(-18)). Suppose 7*w - 90 = 3*w - 2*a, 4*w - 70 = 2*a. Suppose w = 2*l - l. Calculate the highest common factor of l and h.
10
Let m = 3 + -7. Let g = m + 7. Suppose -g*y = -y - 4. What is the greatest common factor of 2 and y?
2
Let z be (-26)/(-13)*(-3)/(-2). Calculate the highest common factor of z and 21.
3
Suppose -2*x + 48 = 4*c - 2, 0 = 5*x - 2*c - 113. Suppose x = l - 17. Calculate the greatest common divisor of l and 10.
10
Suppose 0 = -2*a + 67 - 63. Suppose -a*p + 3*p = 627. Calculate the highest common divisor of 57 and p.
57
Let z = -190 + 206. Let m(j) = -j**3 - 2*j**2 - j. Let i(g) = -g**2 + g - 2. Let x be i(0). Let c be m(x). What is the highest common factor of z and c?
2
Let m = -19 - -41. Suppose -v + 15 = -2*w - 0*v, 3*w - 5*v = -33. Let x = m - w. What is the highest common factor of x and 140?
28
Let n = 76 - 41. Let l be 40/4 - (1 - 3). Let h = l + 2. Calculate the highest common divisor of h and n.
7
Suppose 31 = 5*s - 2*l + 10, s = 3*l - 1. Let r(a) = a**3 - 4*a**2 - 6*a + 9. Let f = -17 + 23. Let z be r(f). What is the greatest common factor of s and z?
5
Let h be (-397)/(-2779) + 614/14. Suppose 2*c - 5 = 3. What is the greatest common divisor of h and c?
4
Let k(c) = 77*c - 846. Let p be k(11). Let v(m) = -m**2 - 4*m + 2. Let q be v(-4). Calculate the greatest common divisor of q and p.
1
Suppose -2*h = -5*c - 3*h + 24, 4*c + 2*h - 24 = 0. Calculate the greatest common divisor of c and 524.
4
Let o(y) = -67*y - 344. Let j be o(-6). What is the greatest common divisor of j and 899?
29
Suppose 5*i + 33 = 173. Calculate the highest common divisor of i and 56.
28
Suppose 0 = -2*i - 3*y + 537, -11*y = i - 12*y - 261. What is the highest common factor of i and 660?
132
Let q(m) = 1 + 11 - 100*m + 99*m. Let w be q(11). What is the greatest common divisor of w and 2?
1
Let v(w) = 114*w - 4. Suppose -2*f + 6*f = 8. Suppose 4*q = 5*c + 3, -q - c = -5*c + f. Let u be v(q). What is the greatest common factor of u and 32?
32
Suppose 328*t - 333*t = -145. Calculate the greatest common factor of t and 145.
29
Let i = -1 + 5. Suppose i*l = f + 1 - 7, 2*f + 4*l = 0. Let q = 312 - 304. Calculate the highest common factor of q and f.
2
Let p(d) = d**3 + 9*d**2 - 13*d - 19. Suppose -3*u - 2 = 28. Let k be p(u). What is the greatest common factor of 22 and k?
11
Let i = -1 + 75. Let p be (i - (-5 + 2))*1. Calculate the greatest common divisor of 7 and p.
7
Suppose -p + 2 = -3*a - 11, 5*p - 84 = -4*a. Suppose 20*y = p*y - 48. Let w be (y/(-1))/3 + 59. What is the highest common factor of w and 9?
9
Let n(m) = -m + 7. Let l be n(-8). Let c = -3 + 6. Calculate the greatest common factor of c and l.
3
Let n = -362 - -382. What is the highest common factor of n and 250?
10
Let g be -6*(-1 + 2/(-6)). Let s be g/20 + (-8)/(-5). Suppose s*b - 72 - 120 = 0. Calculate the greatest common factor of b and 16.
16
Let b be (-13)/(195/(-72))*10285/34. Calculate the highest common divisor of 99 and b.
33
Let p = -37 + 52. Let q be 90/(-27)*(-36)/p. Calculate the highest common factor of 16 and q.
8
Let h be 10/(-3)*54/(-10). Suppose -22 = -5*g + x - 4*x, -3*g - 3*x = -h. Suppose 3*d - 2 + 1 = -g*b, b = d - 7. What is the highest common divisor of 24 and d?
3
Let m = 220 - 186. What is the highest common factor of 17 and m?
17
Let b = -439 + 549. Calculate the greatest common factor of 70 and b.
10
Let i be (10/6)/(35/126). Suppose r = -5*h + 20, i*h = 2*h + 5*r + 16. Suppose 266 + 254 = h*y. Calculate the highest common divisor of 52 and y.
26
Let g be 5*(-3 - (-51)/15) - -1. Let j be (-228)/(-15) - (33/15 + -2). Calculate the greatest common factor of g and j.
3
Suppose 10*v - 9*v + 24 = 0. Let g = v + -3. Let s = g + 31. Calculate the greatest common